reatest common divisor of v and p.
7
Suppose -3*o + 243 = 12*j, -69 = -4*j + 3*o - 8*o. What is the highest common factor of 51 and j?
3
Suppose -2*y = -3*f + 160, 4*f - 2*y = -0*y + 212. Let i(c) = -3*c - c - 6 + 7. Let w be i(-3). Calculate the greatest common divisor of w and f.
13
Let q(r) = 3*r**2 + r + 1. Let k be q(2). Let i be (-5)/((-25)/18)*250/k. Calculate the greatest common divisor of 15 and i.
15
Suppose -681 = 4*x - 1833. What is the highest common factor of 192 and x?
96
Let u = -497 - -531. Calculate the greatest common factor of u and 14.
2
Let m(r) = 3*r**2 - 39*r + 90. Let y be m(21). What is the greatest common divisor of 54 and y?
54
Suppose -2 = 4*d + 3*b - 3, 4*d - 5 = b. Let j be 6 + -7 - (-2 - d). Let u be (9/j)/(5/10). Calculate the highest common divisor of u and 3.
3
Let y(u) = u**3 + 13*u**2 + 6*u + 12. Let w be y(-7). What is the greatest common factor of w and 192?
24
Let c(p) = -212*p - 2. Let b be c(-1). Suppose 18*l + b = 23*l. Calculate the greatest common factor of l and 105.
21
Let l be ((-7335)/(-12) - 0) + 10/(-40). Calculate the greatest common factor of 13 and l.
13
Let h be 1765/3 + (-37)/111. What is the highest common divisor of h and 84?
84
Suppose -2*i + c + 47 = 0, -5*c = -42*i + 45*i - 64. Calculate the highest common factor of 2875 and i.
23
Let n be (4 + -48 - 2/(-2))/1. Let j = 52 - n. Calculate the greatest common divisor of 38 and j.
19
Suppose -107 = -2*b + 179. Calculate the highest common factor of 26 and b.
13
Suppose -2*k + 570 - 549 = -5*c, 0 = -3*k + c + 38. Suppose -4*v + 0*v + 468 = 0. Calculate the greatest common divisor of k and v.
13
Suppose 3*n = 6*n - 87. Let g be (14877/513)/(1 - 0/2). Calculate the greatest common factor of g and n.
29
Suppose -5*p - 4*u + u + 563 = 0, -4*p - 5*u = -453. Calculate the greatest common divisor of p and 32.
16
Let t(i) = -i**3 + 13*i**2 + 5*i + 12. Let l be t(14). Let z = l - -226. What is the highest common divisor of 16 and z?
16
Let i = -204 + 237. Suppose 3*o + 30 - 228 = 0. What is the greatest common divisor of i and o?
33
Suppose -19*w + 168 = -15*w. Suppose -914 = -4*p - 74. Calculate the greatest common factor of p and w.
42
Let j = 618 + -557. Calculate the greatest common divisor of j and 183.
61
Suppose 5*k = 10*k + 10, -5*k = -r + 22. Calculate the greatest common divisor of r and 348.
12
Suppose -131 = -2*g + 3*l, -l = -12*g + 11*g + 63. What is the highest common divisor of 203 and g?
29
Let f be 6670/161 - ((-27)/21)/(-3). What is the highest common divisor of 41 and f?
41
Let h = -26 - -32. Suppose d - h*d + 1045 = 0. Suppose -3*g + 129 = 3*y, -5*y = 3*g - 4*g - d. Calculate the greatest common factor of 6 and y.
6
Let f = -1257 + 1271. What is the greatest common divisor of f and 126?
14
Let x = -1223 - -1273. What is the greatest common factor of 15 and x?
5
Suppose -4*z = -2*j + 822, -2*j - 7*z + 5*z + 804 = 0. What is the greatest common factor of j and 15?
15
Let y(k) = -9*k + 380. Let s be y(38). What is the greatest common factor of s and 2?
2
Let f = -1623 + 1870. What is the highest common divisor of 57 and f?
19
Let g(q) = 10*q - 35. Let s be g(4). What is the highest common factor of s and 105?
5
Suppose -5*j - 24 = 6. Let n be 3/j*14 + -4. Let w be n/((0 + -2)/2). Calculate the highest common divisor of w and 55.
11
Let w be (-63)/(-6)*6/(-27)*-3. Let a(d) = d**3 - 3*d**2 - 5*d + 7. Let j be a(w). Calculate the greatest common divisor of 24 and j.
24
Suppose 794 = 37*p - 1574. What is the highest common factor of 272 and p?
16
Let t = -14 + 18. Let s be (-9)/(12/t) + 9. What is the highest common divisor of 42 and s?
6
Let h(s) be the first derivative of s**2/2 - 12*s - 4. Let k be h(16). Let r be 15/10*k*9. What is the highest common factor of r and 6?
6
Let w(l) be the first derivative of l**2 + 39*l - 17. Let j be w(0). What is the greatest common factor of 26 and j?
13
Let f = -671 - -709. What is the greatest common factor of f and 779?
19
Suppose -3*h = -4*l + 117, -2*h - 2*h - 156 = -4*l. Let k = h + 60. Calculate the highest common factor of 105 and k.
21
Let l(d) = d**2 + d + 27. Let k be l(0). Suppose k = -c + 4*c. Suppose 0 = 4*j + 9*j - 117. What is the greatest common divisor of c and j?
9
Let j = -371 - -411. Calculate the greatest common divisor of j and 800.
40
Let x = -3 - -5. Suppose -x*o - 49 = -2*b - b, -o = 2. Let s be (3 - (-117)/6)*(-2)/(-3). Calculate the highest common factor of b and s.
15
Let c(p) = 4*p - 7. Let l be c(1). Let v(r) = r**3 + 5*r**2 + 2*r - 6. Let n be v(l). What is the highest common factor of n and 3?
3
Let h be 5 - 3*(-1 + (0 - 0)). Suppose 3*q + 4*o + h = 18, -5*q - o = -45. Let i = 50 + 60. Calculate the greatest common factor of i and q.
10
Let g(x) = x**3 + 5*x**2 + 3*x + 2. Let j be -1*3 + 1 + 0. Let r be g(j). Let w be 4/4 - (-1 - 2). What is the highest common factor of w and r?
4
Let g be 15/25*(1 - (1 + -130)). What is the highest common divisor of g and 494?
26
Let x(w) = -w**3 + 14*w**2 + w - 13. Let v be x(10). Suppose -f + 3*z - 129 + v = 0, 4*f - 1004 = -5*z. Calculate the greatest common factor of f and 32.
32
Let b = 624 + -619. What is the greatest common factor of 45 and b?
5
Let c(x) = -4*x**3 + 7*x**2 + 15*x + 1. Let i be c(-2). Suppose 3*w - 146 = -5*p, -4*p + w = -0*w - 127. What is the greatest common divisor of i and p?
31
Suppose 3*l + v - 2006 = 36, 2*l - 5*v - 1384 = 0. What is the highest common divisor of 124 and l?
62
Let j = -525 + 613. Calculate the greatest common factor of j and 33.
11
Suppose 3*x + k = -11, -2*x - 5*k + 18 = 47. Let b be (x/7 + 51/7)*15. Calculate the greatest common factor of b and 15.
15
Suppose 0 = -8*u + 2*u - 72. Let l be -3*(-4)/3 + u. Let z(t) = t**3 + 8*t**2 + 8. Let i be z(l). Calculate the greatest common divisor of 12 and i.
4
Suppose 4*x + 2*d = 72, -6*d + d = 2*x - 36. Let g = 78 - x. Let a = -16 - -40. What is the highest common factor of a and g?
12
Let n(o) = -o**3 - 45*o**2 + 26*o - 80. Let s be n(-46). Calculate the highest common divisor of s and 21.
21
Suppose -23 - 94 = -3*j. Let s = 91 + j. What is the greatest common divisor of s and 26?
26
Let z = 104 - 98. Let b(o) = 6*o**2 - 28*o - 8. Let g be b(z). What is the highest common divisor of g and 440?
40
Let p(d) = -2*d + 6*d + 2 - 3*d + d**2. Let h be p(-4). Let x(i) = 13*i**2 + 201*i + 598. Let l be x(-3). What is the greatest common factor of l and h?
14
Let c = 2125 - 2097. Suppose 4*v = -225 + 1233. What is the highest common factor of v and c?
28
Let r = -2113 - -2572. Calculate the highest common factor of 34 and r.
17
Suppose -2*x + 13 = 3*v, 3*v - 6 = -x - 1. Let u = -84 + 140. What is the highest common factor of x and u?
8
Suppose -16*f - 5 = -21*f. Calculate the greatest common divisor of 32 and f.
1
Suppose 0 = 401*o - 413*o + 1200. Calculate the greatest common factor of o and 2700.
100
Let f be (52/20)/((-3)/(-15)). Let x(r) = 4*r**2 + 10*r + 7. Let o be x(-6). What is the greatest common divisor of f and o?
13
Suppose -2*i - 1080 = -8*i. Suppose -15 = 6*m - 135. Calculate the highest common factor of i and m.
20
Suppose d - 7*x + 6*x = 71, -d + 2*x = -76. Suppose 4*u + 13 = 5*y, 2*u + 2*y = 12 + 4. Let i = 25 - u. What is the highest common divisor of i and d?
22
Let t be (-4)/2 + (-30)/(-6). Let l(p) = -p**3 + 6*p**2 - 4*p + 2. Let s be l(t). Let i = 309 - 122. What is the highest common factor of s and i?
17
Let m = 335 + 81. Calculate the greatest common divisor of 13 and m.
13
Let s be (-4 + 6)*(-2)/(-1). Suppose -3*w = -9*w + 24. What is the greatest common factor of w and s?
4
Let m = 66 + 10. Let a = -72 + m. What is the greatest common divisor of 76 and a?
4
Suppose 27 = x - 4*f, -16*x - 3*f = -15*x + 8. What is the highest common divisor of 49 and x?
7
Suppose -6*y - 83 = -107. Calculate the highest common divisor of 1 and y.
1
Suppose -204 + 792 = 7*y. Calculate the highest common divisor of y and 24.
12
Suppose t - 24 - 2 = 0. Let n be ((-130)/(-12))/(4/(-240)*-10). What is the greatest common divisor of t and n?
13
Let a(i) = -i**3 + 14*i**2 - 4*i - 12. Let m be (-54)/(-4) - 1/2. Let g be a(m). What is the highest common factor of g and 15?
15
Let v(x) = -x**2 - 10*x - 15. Let p be v(-8). What is the highest common 